omposite number?
True
Is 118751 a prime number?
True
Is 88969 prime?
True
Is 155897 a composite number?
True
Is 138283 prime?
True
Is 5773 a composite number?
True
Is 185021 a prime number?
True
Is 1066067 composite?
False
Is 491671 a composite number?
True
Is 3711 a composite number?
True
Is 2481 composite?
True
Is 104399 a prime number?
True
Is 22769 a prime number?
True
Is 26902 prime?
False
Is 123815 a prime number?
False
Is 154793 prime?
False
Is 10811 prime?
False
Is 5323 prime?
True
Is 47755 prime?
False
Is 7201 a composite number?
True
Is 19029 prime?
False
Is 719 prime?
True
Is 12601 composite?
False
Is 11657 a composite number?
False
Is 365 prime?
False
Is 23554 a prime number?
False
Is 4635809 a composite number?
False
Is 123659 a prime number?
False
Is 33211 a prime number?
True
Is 28837 composite?
False
Is 8501 a prime number?
True
Is 643299 a composite number?
True
Is 144767 prime?
False
Is 5759 a prime number?
False
Is 112867 composite?
True
Is 143303 prime?
False
Is 16787 a composite number?
False
Is 417409 a prime number?
False
Is 266477 composite?
False
Is 177371 composite?
True
Is 92951 a prime number?
True
Is 5297 a composite number?
False
Is 7633 composite?
True
Is 17893 a composite number?
True
Is 7993 a composite number?
False
Is 49253 a composite number?
False
Is 3071 prime?
False
Is 104869 a composite number?
False
Is 410029 prime?
True
Is 16799 composite?
True
Is 10919 composite?
True
Is 221821 a composite number?
True
Is 2321 a prime number?
False
Is 98443 a composite number?
False
Is 1003 a composite number?
True
Is 21341 a prime number?
True
Is 18503 a composite number?
False
Is 19606 prime?
False
Is 26303 a prime number?
False
Is 21971 a composite number?
True
Is 7067 composite?
True
Is 25421 composite?
True
Is 1477 a prime number?
False
Is 835511 a composite number?
False
Is 2580877 prime?
False
Is 77069 a composite number?
False
Is 659191 composite?
True
Is 160309 a composite number?
False
Is 155269 a composite number?
False
Is 469747 a prime number?
True
Is 3046 a composite number?
True
Is 719069 a prime number?
False
Is 150697 a composite number?
False
Is 2579 a composite number?
False
Is 15905 a prime number?
False
Is 51259 a composite number?
True
Is 309661 composite?
True
Is 814991 a composite number?
False
Is 11617 composite?
False
Is 8222 a composite number?
True
Is 19739 composite?
False
Is 84153 a prime number?
False
Is 91787 prime?
False
Is 1015559 a prime number?
True
Is 16597 prime?
False
Is 18001 a prime number?
False
Is 45403 composite?
False
Is 4092851 composite?
True
Is 54133 composite?
False
Is 135854 prime?
False
Is 149795 prime?
False
Is 140557 prime?
True
Is 6119 prime?
False
Is 5542385 a composite number?
True
Is 149749 composite?
False
Is 2579 a composite number?
False
Is 623 composite?
True
Is 31091 a prime number?
True
Is 688351 prime?
False
Is 1829 prime?
False
Is 1155569 a composite number?
False
Is 40769 composite?
True
Is 36433 prime?
True
Is 3293 composite?
True
Is 48017 a composite number?
False
Is 37707 a composite number?
True
Is 745 prime?
False
Is 24547 a composite number?
False
Is 92023 composite?
True
Is 44999 a composite number?
True
Is 8873 prime?
False
Is 10943 prime?
False
Is 787793 a composite number?
False
Is 12217 a prime number?
False
Is 59509 a prime number?
True
Is 226711 a composite number?
True
Is 1774963 prime?
False
Is 82853 a composite number?
True
Is 26191 a prime number?
False
Is 182159 a composite number?
False
Is 43627 composite?
False
Is 92431 a prime number?
True
Is 6227 a composite number?
True
Is 473833 a prime number?
True
Is 22799 prime?
False
Is 29683 composite?
False
Is 3299 a composite number?
False
Is 13378 a prime number?
False
Is 65909 a prime number?
False
Is 5069 prime?
False
Is 13027 a composite number?
True
Is 25565 composite?
True
Is 44017 a prime number?
True
Is 10831 a prime number?
True
Is 9491 a prime number?
True
Is 907 a prime number?
True
Is 2939 a composite number?
False
Is 2081533 composite?
True
Is 67739 composite?
True
Is 1087 composite?
False
Is 57433 a composite number?
True
Is 813673 composite?
True
Is 42323 prime?
True
Is 22907 composite?
False
Is 2041 composite?
True
Is 496733 prime?
True
Is 1523 a prime number?
True
Is 278987 a composite number?
True
Is 1510729 composite?
True
Is 7234 composite?
True
Is 4507 a composite number?
False
Is 3270959 composite?
False
Is 41219 composite?
True
Is 9803 a prime number?
True
Is 6326 composite?
True
Is 694633 composite?
False
Is 13579 prime?
False
Is 124171 prime?
True
Is 9029 a composite number?
False
Is 55681 a composite number?
False
Is 770833 a prime number?
False
Is 84499 composite?
False
Is 5623 prime?
True
Is 3049 prime?
True
Is 81431 composite?
True
Is 31817 prime?
True
Is 137803 a prime number?
True
Is 45995 a prime number?
False
Is 136805 prime?
False
Is 498071 prime?
False
Is 22361 prime?
False
Is 913582 a prime number?
False
Is 111 a prime number?
False
Is 11821 prime?
True
Is 9862 composite?
True
Is 4327 composite?
False
Is 495037 a composite number?
False
Is 101917 a composite number?
False
Is 2060047 a composite number?
True
Is 28687 composite?
False
Is 2843 a composite number?
False
Is 354001 prime?
True
Is 585581 a composite number?
False
Is 98711 composite?
False
Is 16333 a composite number?
False
Is 431567 composite?
False
Is 162343 prime?
True
Is 47041 a composite number?
False
Is 18949 prime?
False
Is 317669 a prime number?
False
Is 13885 a composite number?
True
Is 519413 prime?
True
Is 473117 prime?
True
Is 4835 prime?
False
Is 2671 a prime number?
True
Is 7477 a composite number?
False
Is 17067 a composite number?
True
Is 70319 a prime number?
False
Is 4873 a prime number?
False
Is 46337 composite?
False
Is 396157 prime?
True
Is 59 prime?
True
Is 779477 a composite number?
False
Is 57637 prime?
True
Is 130087 composite?
False
Is 26801 a composite number?
False
Is 20369 a composite number?
False
Is 65818 a prime number?
False
Is 143909 composite?
False
Is 3739 a composite number?
False
Is 60461 a composite number?
True
Is 62209 a prime number?
False
Is 779101 composite?
False
Is 11459 prime?
False
Is 537 a composite number?
True
Is 6043 composite?
False
Is 42659 a prime number?
False
Is 1096483 a composite number?
True
Is 29035 a composite number?
True
Is 1250767 composite?
True
Is 48457 a composite number?
True
Is 48439 a prime number?
False
Is 571381 a prime number?
True
Is 45211 prime?
False
Is 24041 composite?
True
Is 6119 a prime number?
False
Is 19771 composite?
True
Is 7233 prime?
False
Is 115631 a composite number?
False
Is 354743 composite?
False
Is 233777 a prime number?
True
Is 154153 a prime number?
True
Is 9311 composite?
False
Is 1510373 composite?
False
Is 248983 prime?
False
Is 436993 composite?
False
Is 50305 prime?
False
Is 1023127 composite?
True
Is 347 composite?
False
Is 851249 prime?
False
Is 44817 a composite number?
True
Is 923687 a prime number?
True
Is 1465019 a prime number?
True
Is 8249 a prime number?
False
Is 13517 prime?
False
Is 12779 a prime number?
False
Is 8887 a prime number?
True
Is 28961 prime?
True
Is 13957 a composite number?
True
Is 862 composite?
True
Is 663209 a prime number?
True
Is 6449 a composite number?
False
Is 56519 prime?
True
Is 214829 a prime number?
False
Is 3943 prime?
True
Is 729217 a composite number?
False
Is 293 a prime number?
True
Is 13381 a composite number?
False
Is 6329 composite?
False
Is 582677 a composite number?
False
Is 19717 prime?
True
Is 4393 prime?
False
Is 10723 prime?
True
Is 1689 prime?
False
Is 319351 composite?
False
Is 13517 a composite number?
True
Is 31303 composite?
True
Is 58889 a prime number?
True
Is 587 a prime number?
True
Is 288187 prime?
False
Is 370561 a prime number?
True
Is 8929 composite?
False
Is 18807 prime?
False
Is 38207 prime?
False
Is 71513 a prime number?
False
Is 23801 composite?
False
Is 2085269 prime?
False
Is 8529 a prime number?
False
Is 1189 a prime number?
False
Is 340741 composite?
True
Is 9677 a prime number?
True
Is 1133047 a composite number?
False
Is 11113 a composite number?
False
Is 13963 a composite number?
False
Is 65761 a composite number?
False
Is 10723 composite?
False
Is 70753 composite?
False
Is 77141 composite?
False
Is 20861 a composite n